{"id":9,"date":"2024-06-13T21:08:02","date_gmt":"2024-06-13T19:08:02","guid":{"rendered":"https:\/\/christophepruvot.org\/?page_id=9"},"modified":"2025-12-31T16:08:16","modified_gmt":"2025-12-31T15:08:16","slug":"accueil","status":"publish","type":"page","link":"https:\/\/christophepruvot.org\/","title":{"rendered":"Accueil"},"content":{"rendered":"\n<div class=\"wp-block-cover alignfull is-light wp-duotone-unset-1\" style=\"margin-top:0;margin-bottom:0;padding-top:2%;padding-bottom:1rem;min-height:220px;aspect-ratio:unset;\"><img loading=\"lazy\" decoding=\"async\" width=\"2000\" height=\"1600\" class=\"wp-block-cover__image-background wp-image-1332\" alt=\"\" src=\"http:\/\/christophepruvot.org\/wp-content\/uploads\/2024\/07\/PHOT-POUR-BANDEAU.png\" data-object-fit=\"cover\" srcset=\"https:\/\/christophepruvot.org\/wp-content\/uploads\/2024\/07\/PHOT-POUR-BANDEAU.png 2000w, https:\/\/christophepruvot.org\/wp-content\/uploads\/2024\/07\/PHOT-POUR-BANDEAU-300x240.png 300w, https:\/\/christophepruvot.org\/wp-content\/uploads\/2024\/07\/PHOT-POUR-BANDEAU-1024x819.png 1024w, https:\/\/christophepruvot.org\/wp-content\/uploads\/2024\/07\/PHOT-POUR-BANDEAU-768x614.png 768w, https:\/\/christophepruvot.org\/wp-content\/uploads\/2024\/07\/PHOT-POUR-BANDEAU-1536x1229.png 1536w\" sizes=\"auto, (max-width: 2000px) 100vw, 2000px\" \/><span aria-hidden=\"true\" class=\"wp-block-cover__background has-background-dim\" style=\"background-color:#c42525\"><\/span><div class=\"wp-block-cover__inner-container has-global-padding is-layout-constrained wp-block-cover-is-layout-constrained\">\n<h2 class=\"wp-block-heading has-text-color has-background has-link-color wp-elements-4c2482d436ce219a51b3989c441ec782\" style=\"color:#fbfbfb;background-color:#080808\"><strong>\u00c9ducation populaire<\/strong><\/h2>\n\n\n\n<h2 class=\"wp-block-heading has-text-color has-background has-link-color wp-elements-b79c103b026ce9425b825e5861e675ca\" style=\"color:#fbfbfb;background-color:#000000\"><strong>p\u00e9dagogie sociale<\/strong><\/h2>\n\n\n\n<h2 class=\"wp-block-heading has-text-color has-link-color has-large-font-size wp-elements-4fbe47f3a4d4d021262b116e537e800f\" style=\"color:#fafafa;line-height:1.3\"><strong>Formations<\/strong><\/h2>\n\n\n\n<h2 class=\"wp-block-heading has-text-color has-link-color has-large-font-size wp-elements-c0bdfcce2ec7f2acce04d35d2337da4d\" style=\"color:#fafafa;line-height:0.4\"><strong>accompagnements<\/strong><\/h2>\n\n\n\n<h2 class=\"wp-block-heading has-text-color has-link-color has-large-font-size wp-elements-c70ec0a1bc9fac3daf8b0766e5b872d2\" style=\"color:#fafafa;line-height:1\"><strong>ateliers &#8211; conf\u00e9rences<\/strong><\/h2>\n<\/div><\/div>\n\n\n\n<section class=\"wp-block-group alignfull has-global-padding is-layout-constrained wp-container-core-group-is-layout-43c2fc78 wp-block-group-is-layout-constrained\" style=\"margin-top:0px;padding-top:1.4rem;padding-right:var(--wp--preset--spacing--40);padding-bottom:var(--wp--preset--spacing--50);padding-left:var(--wp--preset--spacing--40);font-size:clamp(0.875rem, 0.875rem + ((1vw - 0.2rem) * 0.464), 1.13rem);font-style:normal;font-weight:400;line-height:1.4\">\n<div class=\"wp-block-columns are-vertically-aligned-center is-layout-flex wp-container-core-columns-is-layout-2e7296b4 wp-block-columns-is-layout-flex\" style=\"margin-bottom:0px\">\n<div class=\"wp-block-column is-vertically-aligned-center is-layout-flow wp-block-column-is-layout-flow\" style=\"padding-right:1rem;padding-left:1rem;flex-basis:35%\">\n<figure class=\"wp-block-image aligncenter size-full is-resized has-custom-border wp-duotone-unset-2\"><img loading=\"lazy\" decoding=\"async\" width=\"1000\" height=\"991\" src=\"http:\/\/christophepruvot.org\/wp-content\/uploads\/2024\/06\/Visuel-le-cap.jpg\" alt=\"\" class=\"wp-image-679\" style=\"border-radius:10px;width:347px;height:auto\" srcset=\"https:\/\/christophepruvot.org\/wp-content\/uploads\/2024\/06\/Visuel-le-cap.jpg 1000w, https:\/\/christophepruvot.org\/wp-content\/uploads\/2024\/06\/Visuel-le-cap-300x297.jpg 300w, https:\/\/christophepruvot.org\/wp-content\/uploads\/2024\/06\/Visuel-le-cap-150x150.jpg 150w, https:\/\/christophepruvot.org\/wp-content\/uploads\/2024\/06\/Visuel-le-cap-768x761.jpg 768w\" sizes=\"auto, (max-width: 1000px) 100vw, 1000px\" \/><\/figure>\n<\/div>\n\n\n\n<div class=\"wp-block-column is-vertically-aligned-center has-global-padding is-content-justification-center is-layout-constrained wp-container-core-column-is-layout-73179c4a wp-block-column-is-layout-constrained\" style=\"padding-top:2.01rem\">\n<div class=\"wp-block-group has-global-padding is-layout-constrained wp-container-core-group-is-layout-dca71664 wp-block-group-is-layout-constrained\" style=\"min-height:100%\">\n<h3 class=\"wp-block-heading has-text-align-center has-text-color\" style=\"color:#c42525;margin-top:0.5rem;margin-bottom:0rem;font-size:clamp(1.352rem, 1.352rem + ((1vw - 0.2rem) * 1.542), 2.2rem);font-style:normal;font-weight:500;letter-spacing:0px;line-height:1.3\"><strong>LE CAP !<\/strong><\/h3>\n\n\n\n<hr class=\"wp-block-separator has-alpha-channel-opacity\"\/>\n\n\n\n<p class=\"has-text-align-center has-text-color\" style=\"color:#010101;line-height:1.4;text-transform:none\"><strong>Nous pouvons prendre le chemin de l\u2019\u00e9mancipation, de la socialisation, de l\u2019\u00e9ducation, de la transmission, de la transformation&nbsp;pour un monde plus humain, plus solidaire, plus fraternel : le monde du COMMUN ! Il existe des pratiques adapt\u00e9es pour favoriser l\u2019\u00e9mancipation collective et personnelle et d\u00e9velopper des capacit\u00e9s de transformation de la soci\u00e9t\u00e9 par une approche globale des besoins, par une attention particuli\u00e8re aux d\u00e9sirs de toutes et de tous.<\/strong><\/p>\n<\/div>\n<\/div>\n<\/div>\n\n\n\n<figure class=\"wp-block-image aligncenter size-large is-resized\"><img loading=\"lazy\" decoding=\"async\" width=\"1024\" height=\"219\" src=\"https:\/\/christophepruvot.org\/wp-content\/uploads\/2024\/07\/1-4-1024x219.png\" alt=\"\" class=\"wp-image-1446\" style=\"width:452px;height:auto\" srcset=\"https:\/\/christophepruvot.org\/wp-content\/uploads\/2024\/07\/1-4-1024x219.png 1024w, https:\/\/christophepruvot.org\/wp-content\/uploads\/2024\/07\/1-4-300x64.png 300w, https:\/\/christophepruvot.org\/wp-content\/uploads\/2024\/07\/1-4-768x164.png 768w, https:\/\/christophepruvot.org\/wp-content\/uploads\/2024\/07\/1-4-1536x329.png 1536w, https:\/\/christophepruvot.org\/wp-content\/uploads\/2024\/07\/1-4.png 1654w\" sizes=\"auto, (max-width: 1024px) 100vw, 1024px\" \/><\/figure>\n\n\n\n<p class=\"has-text-align-center has-small-font-size\" style=\"text-transform:none\"><strong>\u00ab\u00a0C&rsquo;est en allant vers la mer que le fleuve reste fid\u00e8le \u00e0 sa source\u00a0\u00bb. Jean JAURES<\/strong><\/p>\n<\/section>\n\n\n\n<div class=\"wp-block-cover alignfull\" style=\"border-style:none;border-width:0px;margin-top:0;margin-bottom:0;padding-top:var(--wp--preset--spacing--60);padding-right:0;padding-bottom:var(--wp--preset--spacing--60);min-height:150px;aspect-ratio:unset;\"><span aria-hidden=\"true\" class=\"wp-block-cover__background has-background-dim-100 has-background-dim\" style=\"background-color:#050505\"><\/span><div class=\"wp-block-cover__inner-container is-layout-flow wp-block-cover-is-layout-flow\">\n<div class=\"wp-block-buttons is-content-justification-center is-layout-flex wp-container-core-buttons-is-layout-a89b3969 wp-block-buttons-is-layout-flex\">\n<div class=\"wp-block-button has-custom-width wp-block-button__width-50\"><a class=\"wp-block-button__link has-text-color has-background has-link-color has-x-large-font-size has-text-align-center has-custom-font-size wp-element-button\" href=\"https:\/\/christophepruvot.org\/index.php\/actu\/\" style=\"color:#c42525;background-color:#fdfbfb;padding-top:var(--wp--preset--spacing--20);padding-right:var(--wp--preset--spacing--20);padding-bottom:var(--wp--preset--spacing--20);padding-left:var(--wp--preset--spacing--20)\" target=\"_blank\" rel=\"noreferrer noopener\"><strong>TOUTE L&rsquo;ACTU<\/strong><\/a><\/div>\n<\/div>\n<\/div><\/div>\n\n\n\n<div class=\"wp-block-cover alignfull\" style=\"margin-top:var(--wp--preset--spacing--60);margin-bottom:var(--wp--preset--spacing--50);padding-top:0;padding-bottom:0\"><span aria-hidden=\"true\" class=\"wp-block-cover__background has-background-dim-100 has-background-dim\" style=\"background-color:#050505\"><\/span><div class=\"wp-block-cover__inner-container is-layout-flow wp-block-cover-is-layout-flow\">\n<h6 class=\"wp-block-heading has-text-align-center has-custom-couleur-1-background-color has-text-color has-background has-link-color wp-elements-2db7ac5f78950bb6f2488b7ce38df434\" style=\"color:#c42525;font-size:clamp(36.08px, 2.255rem + ((1vw - 3.2px) * 3.4), 66px);\"><strong>NOUVEAU<\/strong>t\u00e9s<\/h6>\n\n\n\n<div class=\"wp-block-buttons is-content-justification-center is-layout-flex wp-container-core-buttons-is-layout-a89b3969 wp-block-buttons-is-layout-flex\">\n<div class=\"wp-block-button\"><a class=\"wp-block-button__link has-text-color has-background has-link-color has-text-align-center wp-element-button\" href=\"https:\/\/christophepruvot.org\/wp-content\/uploads\/2025\/04\/formation-education-populaire.pdf\" style=\"color:#c42525;background-color:#fdfbfb;padding-top:var(--wp--preset--spacing--20);padding-right:var(--wp--preset--spacing--20);padding-bottom:var(--wp--preset--spacing--20);padding-left:var(--wp--preset--spacing--20)\" target=\"_blank\" rel=\"noreferrer noopener\"><strong>nouvelle FORMATION \u00ab\u00a0\u00e9ducation populaire\u00a0\u00bb<\/strong><\/a><\/div>\n<\/div>\n\n\n\n<div class=\"wp-block-buttons is-content-justification-center is-layout-flex wp-container-core-buttons-is-layout-a89b3969 wp-block-buttons-is-layout-flex\">\n<div class=\"wp-block-button\"><a class=\"wp-block-button__link has-text-color has-background has-link-color has-text-align-center wp-element-button\" href=\"https:\/\/christophepruvot.org\/wp-content\/uploads\/2025\/04\/intervention-theatre-forum.pdf\" style=\"color:#c42525;background-color:#fbfafa;padding-top:var(--wp--preset--spacing--20);padding-right:var(--wp--preset--spacing--20);padding-bottom:var(--wp--preset--spacing--20);padding-left:var(--wp--preset--spacing--20)\" target=\"_blank\" rel=\"noreferrer noopener\"><strong>INTERVENTION \u00ab\u00a0th\u00e9\u00e2tre forum\u00a0\u00bb<\/strong><\/a><\/div>\n<\/div>\n\n\n\n<div class=\"wp-block-buttons is-content-justification-center is-layout-flex wp-container-core-buttons-is-layout-a89b3969 wp-block-buttons-is-layout-flex\">\n<div class=\"wp-block-button\"><a class=\"wp-block-button__link has-text-color has-background has-link-color has-text-align-center wp-element-button\" href=\"http:\/\/christophepruvot.org\/wp-content\/uploads\/2025\/04\/conferences-pas-classiques.pdf\" style=\"color:#c42525;background-color:#fbfafa;padding-top:var(--wp--preset--spacing--20);padding-right:var(--wp--preset--spacing--20);padding-bottom:var(--wp--preset--spacing--20);padding-left:var(--wp--preset--spacing--20)\" target=\"_blank\" rel=\"noreferrer noopener\"><strong>CONF\u00c9RENCES INTERROMPUES<\/strong><\/a><\/div>\n<\/div>\n\n\n\n<div class=\"wp-block-buttons is-content-justification-center is-layout-flex wp-container-core-buttons-is-layout-a89b3969 wp-block-buttons-is-layout-flex\">\n<div class=\"wp-block-button\"><a class=\"wp-block-button__link has-text-color has-background has-link-color has-text-align-center wp-element-button\" href=\"https:\/\/christophepruvot.org\/index.php\/2025\/12\/31\/le-cercle-vicieux-de-laccueil-quand-les-institutions-fabriquent-lexclusion\/\" style=\"color:#fdfdfd;background-color:#c42525;padding-top:var(--wp--preset--spacing--20);padding-right:var(--wp--preset--spacing--20);padding-bottom:var(--wp--preset--spacing--20);padding-left:var(--wp--preset--spacing--20)\" target=\"_blank\" rel=\"noreferrer noopener\"><strong>NOUVEL ARTICLE<\/strong><\/a><\/div>\n<\/div>\n<\/div><\/div>\n\n\n\n<p class=\"has-text-color has-link-color has-medium-font-size wp-elements-d05a5c9d207594d4ef6c2c4ef36d583a\" style=\"color:#050505;margin-top:var(--wp--preset--spacing--70);margin-bottom:var(--wp--preset--spacing--50);text-transform:none\">Je propose des formations, des accompagnements collectifs, des ateliers et des conf\u00e9rences dans les champs d\u2019interventions suivants : <strong>\u00e9ducation populaire, p\u00e9dagogie sociale, travail social et \u00e9ducatif, animation socioculturelle, d\u00e9veloppement social<\/strong>.<\/p>\n\n\n\n<p class=\"has-text-color has-link-color has-medium-font-size wp-elements-00c92799352daaacf1bb68020ef164e1\" style=\"color:#050505;text-transform:none\">En quelques mots :<\/p>\n\n\n\n<p class=\"has-text-color has-link-color has-medium-font-size wp-elements-1c06acf056c9c882458c328e825a2e06\" style=\"color:#000000;text-transform:none\"><a href=\"https:\/\/christophepruvot.org\/index.php\/formations-accompagnements-ateliers\/\" data-type=\"page\" data-id=\"12\"><strong>Les formations<\/strong> :<\/a> ce sont des temps allant d&rsquo;une journ\u00e9e \u00e0 5 jours et qui proposent de d\u00e9couvrir des pratiques, des outils, des m\u00e9thodes et de r\u00e9fl\u00e9chir le sens des actions. Les formation se d\u00e9clinent en modules ou parcours : p\u00e9dagogie sociale, \u00e9ducation populaire, philo, allers vers, pouvoir d&rsquo;agir, outils, diagnostic, etc.<\/p>\n\n\n\n<p class=\"has-text-color has-link-color has-medium-font-size wp-elements-d7928c6b23745f2687faffc88f391694\" style=\"color:#070707;text-transform:none\"><a href=\"https:\/\/christophepruvot.org\/index.php\/accompagnements-conseil-en-gestion-de-projets\/\" data-type=\"page\" data-id=\"600\"><strong>Les accompagnements<\/strong> :<\/a> ce sont des interventions et dispositifs propos\u00e9s pour les \u00e9quipes et les collectifs. C\u2019est un travail qui prend le temps pendant lequel on chemine, on cherche et on trouve ensemble. Un accompagnement en <strong><a href=\"https:\/\/christophepruvot.org\/wp-content\/uploads\/2024\/07\/Fiche-consultant-gestion-de-projet_compressed.pdf\" target=\"_blank\" rel=\"noreferrer noopener\">conseil de gestion<\/a><\/strong> est possible, celui-ci propose de s&rsquo;int\u00e9resser aux projets sociaux et \u00e9ducatifs.<\/p>\n\n\n\n<p class=\"has-text-color has-link-color has-medium-font-size wp-elements-31f791c26a4c88c2f07ceca700e74452\" style=\"color:#070707;text-transform:none\"><a href=\"https:\/\/christophepruvot.org\/index.php\/ateliers-conferences\/\" data-type=\"page\" data-id=\"611\"><strong>Les ateliers, les interventions, les conf\u00e9rences<\/strong> :<\/a> ce sont des interventions pour lesquelles je prends la place de l\u2019animateur. Je propose un atelier de pratique, une conf\u00e9rence \u00ab\u00a0pas classique\u00a0\u00bb (<strong>voir la conf\u00e9rence interrompue<\/strong>), l\u2019animation d\u2019un d\u00e9bat, etc. Je propose, \u00e9galement, des interventions en <strong><a href=\"https:\/\/christophepruvot.org\/wp-content\/uploads\/2025\/04\/intervention-theatre-forum.pdf\" target=\"_blank\" rel=\"noreferrer noopener\">th\u00e9\u00e2tre forum<\/a><\/strong>.<\/p>\n\n\n\n<p class=\"has-text-color has-link-color has-medium-font-size wp-elements-7e35bb1925661db7bbc522ba8f7260ff\" style=\"color:#020202;margin-bottom:var(--wp--preset--spacing--60);text-transform:none\"><a href=\"https:\/\/christophepruvot.org\/index.php\/conference-gesticulee\/\" data-type=\"page\" data-id=\"14\"><strong>Et la conf\u2019 &#8211; La conf\u00e9rence gesticul\u00e9e<\/strong> :<\/a> un spectacle politique militant qui d\u00e9voile, questionne et analyse les m\u00e9canismes d\u2019une domination dans un domaine donn\u00e9. Ici les politiques publiques, l\u2019animation socioculturelle, le travail social et \u00e9ducatif et l\u2019\u00e9ducation populaire. \u00a0\u00bb Animation socioculturelle ou socio-consensuelle : c&rsquo;est quand qu&rsquo;on va o\u00f9 ?\u00a0\u00bb<\/p>\n\n\n\n<div class=\"wp-block-cover alignfull wp-duotone-unset-3\" style=\"margin-top:0;margin-bottom:0;padding-top:2%;padding-bottom:1.9rem;min-height:220px;aspect-ratio:unset;\"><span aria-hidden=\"true\" class=\"wp-block-cover__background has-background-dim-100 has-background-dim\" style=\"background-color:#c42525\"><\/span><div class=\"wp-block-cover__inner-container has-global-padding is-layout-constrained wp-block-cover-is-layout-constrained\">\n<h2 class=\"wp-block-heading has-custom-couleur-1-background-color has-text-color has-background has-link-color has-x-large-font-size wp-elements-ad24556abc223057440898c1c38d4e1a\" style=\"color:#ffffff;line-height:0.7\"><strong><strong>faire soci\u00e9t\u00e9<\/strong><\/strong><\/h2>\n\n\n\n<h2 class=\"wp-block-heading has-custom-couleur-1-background-color has-text-color has-background has-link-color has-x-large-font-size wp-elements-aded657e52734f20b4411a3c374b4973\" style=\"color:#ffffff;line-height:0.7\"><strong><strong>par la p\u00e9dagogie sociale<\/strong><\/strong><\/h2>\n\n\n\n<h2 class=\"wp-block-heading has-custom-couleur-1-background-color has-text-color has-background has-link-color has-x-large-font-size wp-elements-63ca23c0a80c36edad544f2384e71a5a\" style=\"color:#ffffff;line-height:0.7\"><strong><strong>PAR l\u2019\u00e9ducation populaire<\/strong><\/strong><\/h2>\n<\/div><\/div>\n\n\n\n<div class=\"wp-block-group has-global-padding is-layout-constrained wp-block-group-is-layout-constrained\" style=\"padding-bottom:var(--wp--preset--spacing--50)\">\n<p class=\"has-text-color has-pontano-sans-font-family has-medium-font-size\" style=\"color:#000000;margin-top:20px;margin-bottom:20px;font-style:normal;font-weight:400;line-height:1.4;text-transform:none\">Les pratiques propos\u00e9es ici trouvent leur fondement dans <strong><em>la p\u00e9dagogie sociale<\/em><\/strong>&nbsp;(Freinet, Freire, Korczak, Radlinska)&nbsp;: C\u2019est un travail en dehors de structures traditionnelles qui se vit, essentiellement, dans les espaces ordinaires de la soci\u00e9t\u00e9. C\u2019est un travail qui invite \u00e0 la rencontre parce qu\u2019il est visible et en libre acc\u00e8s. Cette p\u00e9dagogie permet de travailler \u00e0 partir de la r\u00e9alit\u00e9, de r\u00e9habiliter le collectif (le groupe soutient, prot\u00e8ge et nourrit). En mettant en pratique l\u2019inconditionnalit\u00e9 de l\u2019accueil ; l&rsquo;intention est de porter beaucoup d\u2019attention \u00e0 autrui avec des actions stables, durables et r\u00e9guli\u00e8res. Quand la pr\u00e9carit\u00e9 nous rappelle \u00e0 l\u2019incertitude et \u00e0 l\u2019ins\u00e9curit\u00e9, il faut travailler dans le long terme, oser la proximit\u00e9 et la relation authentique. \u00c0 l\u2019heure de la distance, il faut de la pr\u00e9sence parce que c\u2019est \u00e0 nous tous qu\u2019il revient de nous occuper de celle et de celui qui est venu nous voir et nous rencontrer. La p\u00e9dagogie sociale est une approche int\u00e9grale qui permet d\u2019avoir une ambition, une vis\u00e9e, une vision politique radicale&nbsp;: une soci\u00e9t\u00e9 juste, coop\u00e9rative, communautaire o\u00f9 les institutions seraient organis\u00e9es et g\u00e9r\u00e9es par le peuple dans toute sa diversit\u00e9. Faire soci\u00e9t\u00e9, ce n\u2019est pas partir des besoins, c\u2019est partir des d\u00e9sirs, de la souverainet\u00e9 sur le travail&nbsp;(un travail joie, d\u00e9sir\u00e9 et vivant qui propose une d\u00e9lib\u00e9ration collective sur ce qui est produit). Faire soci\u00e9t\u00e9&nbsp;c\u2019est aussi l\u2019\u00e9ducation au \u00ab commun&nbsp;\u00bb en permettant gratuitement l\u2019acc\u00e8s aux biens et services comme&nbsp;l\u2019\u00e9cole, les transports, la sant\u00e9, l\u2019alimentation, le logement, les arts, etc. Notre vis\u00e9e se situe dans le champ de <strong><em>l\u2019\u00e9ducation populaire<\/em><\/strong> et des politiques de l\u2019\u00e9mancipation . C\u2019est une marche de l\u2019humanit\u00e9 vers son \u00e9mancipation collective. Cette \u00e9mancipation est celle des anonymes, des sans \u00ab&nbsp;noms&nbsp;\u00bb, celle des masses. Cette vis\u00e9e, cette id\u00e9e est en travail et elle porte l\u2019espoir de cr\u00e9er de nouveaux possibles. C\u2019est l\u2019id\u00e9e du \u00ab&nbsp;commun&nbsp;\u00bb dans tous les espaces ordinaires de la soci\u00e9t\u00e9.<\/p>\n\n\n\n<figure class=\"wp-block-image aligncenter size-full is-resized has-custom-border wp-duotone-unset-4\"><img loading=\"lazy\" decoding=\"async\" width=\"708\" height=\"1000\" src=\"http:\/\/christophepruvot.org\/wp-content\/uploads\/2024\/06\/Dessin-PAULO-FREIRE.png\" alt=\"\" class=\"wp-image-708\" style=\"border-width:1px;border-radius:10px;width:281px;height:auto\" srcset=\"https:\/\/christophepruvot.org\/wp-content\/uploads\/2024\/06\/Dessin-PAULO-FREIRE.png 708w, https:\/\/christophepruvot.org\/wp-content\/uploads\/2024\/06\/Dessin-PAULO-FREIRE-212x300.png 212w\" sizes=\"auto, (max-width: 708px) 100vw, 708px\" \/><\/figure>\n<\/div>\n\n\n\n<div class=\"wp-block-cover alignfull wp-duotone-unset-5\" style=\"margin-top:0;margin-bottom:0;padding-top:0;padding-bottom:1.9rem;min-height:220px;aspect-ratio:unset;\"><span aria-hidden=\"true\" class=\"wp-block-cover__background has-background-dim-100 has-background-dim\" style=\"background-color:#c42525\"><\/span><div class=\"wp-block-cover__inner-container has-global-padding is-layout-constrained wp-block-cover-is-layout-constrained\">\n<h2 class=\"wp-block-heading has-custom-couleur-1-background-color has-text-color has-background has-link-color has-x-large-font-size wp-elements-58da1fe538e83fa08b08b646b9c6b685\" style=\"color:#ffffff;margin-top:0;margin-bottom:0;line-height:1.3\"><strong><strong><strong>L\u2019approche p\u00e9dagogique et la d\u00e9marche<\/strong><\/strong><\/strong><\/h2>\n<\/div><\/div>\n\n\n\n<div class=\"wp-block-group has-global-padding is-layout-constrained wp-block-group-is-layout-constrained\" style=\"padding-bottom:var(--wp--preset--spacing--60)\">\n<p class=\"has-text-align-left has-text-color has-pontano-sans-font-family has-medium-font-size\" style=\"color:#010101;margin-top:20px;margin-bottom:20px;font-style:normal;font-weight:400;line-height:1.4;text-transform:none\">Former, c\u2019est transformer, rencontrer, aller vers les autres, transmettre, apprendre, produire, cr\u00e9er, composer, s\u2019accomplir, s\u2019interroger, articuler, lier, se lier, tisser, agir, penser, inventer, imaginer, se lib\u00e9rer, r\u00e9fl\u00e9chir\u2026 Entrer en formation, c\u2019est entrer en relation avec les autres pour permettre le changement et la transformation. C\u2019est lib\u00e9rer sa pens\u00e9e, c\u2019est permettre l\u2019expression\u2026 Accompagner, c\u2019est \u00eatre aux c\u00f4t\u00e9s de l\u2019autre, faire un bout de chemin avec lui mais c\u2019est aussi \u00eatre responsable des r\u00e8gles que nous (accompagnants) mettons en place, des choix que l\u2019autre peut faire, des d\u00e9cisions qu\u2019il peut prendre. C\u2019est se donner la possibilit\u00e9 de se penser et d\u2019inventer en faisant. La formation se rapporte \u00e0 une p\u00e9dagogie \u00e9mancipatrice et lib\u00e9ratrice (coop\u00e9ration et m\u00e9thode naturelle inspir\u00e9e de la p\u00e9dagogie Freinet). Il est propos\u00e9 une \u00e9ducation permanente tout au long de la vie qui s\u2019inscrit dans le mouvement de l\u2019\u00e9ducation populaire et inspir\u00e9e de la p\u00e9dagogie des opprim\u00e9s et de l\u2019autonomie (Paulo Freire) pour : Accompagner la compr\u00e9hension du monde dans une dimension d\u2019analyse de la soci\u00e9t\u00e9 \/ Permettre la transformation sociale par la recherche, la formation et l\u2019action \/ Construire une soci\u00e9t\u00e9 plus juste, plus humaine et plus d\u00e9mocratique \/ Rendre possible l\u2019\u00e9mancipation personnelle et collective \/ B\u00e2tir collectivement les possibilit\u00e9s d\u2019une transformation \u00ab&nbsp;radicale&nbsp;\u00bb de la soci\u00e9t\u00e9.<\/p>\n\n\n\n<p class=\"has-text-align-left has-text-color has-pontano-sans-font-family has-medium-font-size\" style=\"color:#010101;margin-top:20px;margin-bottom:20px;font-style:normal;font-weight:400;line-height:1.4;text-transform:none\">La d\u00e9marche est appliqu\u00e9e, imbriqu\u00e9e et engag\u00e9e. Elle est de type \u00ab&nbsp;recherche \u2013 action&nbsp;\u00bb par : l\u2019investigation et recherche par la production de connaissances \/ Le rapport dialectique ou les th\u00e9ories interrogent les pratiques \/ Le croisement entre une d\u00e9marche r\u00e9flexive et les exp\u00e9riences de terrain.<\/p>\n\n\n\n<p class=\"has-text-color has-link-color has-medium-font-size wp-elements-58b87e7cce464f9b164eeedd4de23b69\" style=\"color:#070707;text-transform:none\">Christophe propose des formations, des accompagnements et des interventions pour tous les acteurs du social, de l\u2019animation, de la culture, dans une d\u00e9marche qui visera \u00e0 interroger les postures, les pratiques, les envies, le sens des actions et les actions elles-m\u00eames. La formation et l\u2019accompagnement des acteurs et des praticiens de terrain sont fond\u00e9s sur les interactions, les \u00e9changes, l\u2019intervention. La d\u00e9marche prend en compte la complexit\u00e9 des terrains et le r\u00e9cit des exp\u00e9riences.<\/p>\n<\/div>\n","protected":false},"excerpt":{"rendered":"<p>LE CAP ! Nous pouvons prendre le chemin de l\u2019\u00e9mancipation, de la socialisation, de l\u2019\u00e9ducation, de la transmission, de la transformation&nbsp;pour un monde plus humain, plus solidaire, plus fraternel : le monde du COMMUN ! Il existe des pratiques adapt\u00e9es pour favoriser l\u2019\u00e9mancipation collective et personnelle et d\u00e9velopper des capacit\u00e9s de transformation de la soci\u00e9t\u00e9 [&hellip;]<\/p>\n","protected":false},"author":1,"featured_media":0,"parent":0,"menu_order":0,"comment_status":"closed","ping_status":"closed","template":"","meta":{"footnotes":""},"class_list":["post-9","page","type-page","status-publish","hentry"],"_links":{"self":[{"href":"https:\/\/christophepruvot.org\/index.php\/wp-json\/wp\/v2\/pages\/9","targetHints":{"allow":["GET"]}}],"collection":[{"href":"https:\/\/christophepruvot.org\/index.php\/wp-json\/wp\/v2\/pages"}],"about":[{"href":"https:\/\/christophepruvot.org\/index.php\/wp-json\/wp\/v2\/types\/page"}],"author":[{"embeddable":true,"href":"https:\/\/christophepruvot.org\/index.php\/wp-json\/wp\/v2\/users\/1"}],"replies":[{"embeddable":true,"href":"https:\/\/christophepruvot.org\/index.php\/wp-json\/wp\/v2\/comments?post=9"}],"version-history":[{"count":179,"href":"https:\/\/christophepruvot.org\/index.php\/wp-json\/wp\/v2\/pages\/9\/revisions"}],"predecessor-version":[{"id":2033,"href":"https:\/\/christophepruvot.org\/index.php\/wp-json\/wp\/v2\/pages\/9\/revisions\/2033"}],"wp:attachment":[{"href":"https:\/\/christophepruvot.org\/index.php\/wp-json\/wp\/v2\/media?parent=9"}],"curies":[{"name":"wp","href":"https:\/\/api.w.org\/{rel}","templated":true}]}}