{"id":611,"date":"2024-06-20T17:22:51","date_gmt":"2024-06-20T15:22:51","guid":{"rendered":"https:\/\/christophepruvot.org\/?page_id=611"},"modified":"2025-04-15T16:25:15","modified_gmt":"2025-04-15T14:25:15","slug":"interventions-ateliers-conferences","status":"publish","type":"page","link":"https:\/\/christophepruvot.org\/index.php\/interventions-ateliers-conferences\/","title":{"rendered":"Ateliers &amp; conf\u00e9rences"},"content":{"rendered":"\n<div class=\"wp-block-cover alignfull is-light wp-duotone-unset-1\" style=\"margin-top:0;margin-bottom:0;padding-top:2%;padding-bottom:var(--wp--preset--spacing--50);min-height:220px;aspect-ratio:unset;\"><span aria-hidden=\"true\" class=\"wp-block-cover__background has-background-dim-60 has-background-dim\" style=\"background-color:#c42525\"><\/span><img loading=\"lazy\" decoding=\"async\" width=\"2000\" height=\"1600\" class=\"wp-block-cover__image-background wp-image-1332\" alt=\"\" src=\"http:\/\/christophepruvot.org\/wp-content\/uploads\/2024\/07\/PHOT-POUR-BANDEAU.png\" data-object-fit=\"cover\" srcset=\"https:\/\/christophepruvot.org\/wp-content\/uploads\/2024\/07\/PHOT-POUR-BANDEAU.png 2000w, https:\/\/christophepruvot.org\/wp-content\/uploads\/2024\/07\/PHOT-POUR-BANDEAU-300x240.png 300w, https:\/\/christophepruvot.org\/wp-content\/uploads\/2024\/07\/PHOT-POUR-BANDEAU-1024x819.png 1024w, https:\/\/christophepruvot.org\/wp-content\/uploads\/2024\/07\/PHOT-POUR-BANDEAU-768x614.png 768w, https:\/\/christophepruvot.org\/wp-content\/uploads\/2024\/07\/PHOT-POUR-BANDEAU-1536x1229.png 1536w\" sizes=\"auto, (max-width: 2000px) 100vw, 2000px\" \/><div class=\"wp-block-cover__inner-container has-global-padding is-layout-constrained wp-block-cover-is-layout-constrained\">\n<h2 class=\"wp-block-heading has-custom-couleur-1-background-color has-text-color has-background has-link-color has-x-large-font-size wp-elements-d9f5de4f7b90f377a5c04f5412fdaaaa\" style=\"color:#ffffff;line-height:1\"><strong><strong><strong>conf\u00e9rences<\/strong><\/strong><\/strong> \u00ab\u00a0pas classiques\u00a0\u00bb<\/h2>\n\n\n\n<h2 class=\"wp-block-heading has-custom-couleur-1-background-color has-text-color has-background has-link-color has-x-large-font-size wp-elements-20b28ff7e5eddd53e6787f1def904018\" style=\"color:#ffffff\"><strong><strong><strong>INTERVENTION TH<\/strong><\/strong><\/strong>\u00c9\u00c2TRE FORUM<\/h2>\n\n\n\n<h2 class=\"wp-block-heading has-custom-couleur-1-background-color has-text-color has-background has-link-color has-x-large-font-size wp-elements-01334a5e08b1165810002655bf268165\" style=\"color:#ffffff\"><strong><strong><strong>ateliers<\/strong><\/strong><\/strong><\/h2>\n<\/div><\/div>\n\n\n\n<div class=\"wp-block-group alignwide has-global-padding is-layout-constrained wp-container-core-group-is-layout-4383d167 wp-block-group-is-layout-constrained\">\n<h2 class=\"wp-block-heading has-custom-couleur-1-background-color has-text-color has-background has-link-color has-x-large-font-size wp-elements-15827bebfbdac569fa8422f5bbe01651\" style=\"color:#000000;line-height:1\"><strong>Des conf\u00e9rences \u00ab\u00a0PAS CLASSIQUES\u00a0\u00bb : LES CONF\u00c9RENCES INTERROMPUES<\/strong><\/h2>\n\n\n\n<p class=\"has-text-color has-link-color has-medium-font-size wp-elements-0776ef4905351282cdf15ec612f83c59\" style=\"color:#0b0b0b;line-height:1.4;text-transform:none\">A partir de la philo ou de la socio, avec des apports historiques et contextuels. Voici quelques th\u00e8mes propos\u00e9s : Les rapports sociaux \/ La pauvret\u00e9 et la pr\u00e9carit\u00e9 \/ Les politiques publiques et l\u2019\u00e9valuation \/ L\u2019accompagnement social \/ Soin, attachement et reconnaissance \/ D\u00e9mocratie, participation, appropriation, \u00e9mancipation \/ Le lien social \/ et bien plus&#8230;<\/p>\n\n\n\n<p class=\"has-text-color has-link-color has-medium-font-size wp-elements-c59dafddd23f5298577c346df09936a1\" style=\"color:#0b0b0b;line-height:1.4;text-transform:none\"><strong>La conf\u00e9rence \u00ab\u00a0interrompue\u00a0\u00bb (ou \u00ab\u00a0arr\u00eat\u00e9e\u00a0\u00bb)<\/strong> est une m\u00e9thode participative. Elle s&rsquo;inscrit dans une volont\u00e9 de casser le mod\u00e8le traditionnel de la conf\u00e9rence descendante, o\u00f9 un \u00ab\u00a0sachant\u00a0\u00bb parle et un public \u00e9coute passivement. Ici l\u2019expos\u00e9 est volontairement interrompu \u00e0 plusieurs moments cl\u00e9s pour cr\u00e9er des temps d\u2019\u00e9change et de r\u00e9flexion collective<\/p>\n\n\n\n<p class=\"has-text-color has-link-color has-medium-font-size wp-elements-83197210c58b654540bb5ac941aa6d82\" style=\"color:#0b0b0b;line-height:1.4;text-transform:none\"><strong>D\u2019une dur\u00e9e de 30 minutes \u00e0 2H en fonction des \u00e9changes et des apports co-construits.<\/strong><\/p>\n\n\n\n<p class=\"has-text-color has-link-color has-medium-font-size wp-elements-9ced36fd8f637fc29ad5c48cd05cf6ef\" style=\"color:#080808;margin-bottom:var(--wp--preset--spacing--60);line-height:1.4;text-transform:none\"><strong>D&rsquo;autres pratiques pour sortir du mod\u00e8le de la conf\u00e9rence classique comme le d\u00e9bat mouvant ou la d\u00e9marche d\u2019auto-socio-construction du savoir<\/strong><\/p>\n\n\n\n<div class=\"wp-block-buttons is-content-justification-center is-layout-flex wp-container-core-buttons-is-layout-a89b3969 wp-block-buttons-is-layout-flex\">\n<div class=\"wp-block-button has-custom-width wp-block-button__width-75\"><a class=\"wp-block-button__link has-text-color has-background has-link-color wp-element-button\" href=\"http:\/\/christophepruvot.org\/wp-content\/uploads\/2025\/04\/conferences-pas-classiques.pdf\" style=\"color:#fefefe;background-color:#040404\" target=\"_blank\" rel=\"noreferrer noopener\">PR\u00c9SENTATION DES CONF\u00c9RENCES PAS CLASSIQUES<\/a><\/div>\n<\/div>\n<\/div>\n\n\n\n<figure class=\"wp-block-image aligncenter size-large is-resized has-custom-border\" style=\"margin-top:var(--wp--preset--spacing--50);margin-bottom:var(--wp--preset--spacing--70)\"><img loading=\"lazy\" decoding=\"async\" width=\"1024\" height=\"683\" src=\"https:\/\/christophepruvot.org\/wp-content\/uploads\/2025\/04\/conf-inter-site-1024x683.png\" alt=\"\" class=\"wp-image-1751\" style=\"border-radius:10px;width:600px\" srcset=\"https:\/\/christophepruvot.org\/wp-content\/uploads\/2025\/04\/conf-inter-site-1024x683.png 1024w, https:\/\/christophepruvot.org\/wp-content\/uploads\/2025\/04\/conf-inter-site-300x200.png 300w, https:\/\/christophepruvot.org\/wp-content\/uploads\/2025\/04\/conf-inter-site-768x512.png 768w, https:\/\/christophepruvot.org\/wp-content\/uploads\/2025\/04\/conf-inter-site.png 1329w\" sizes=\"auto, (max-width: 1024px) 100vw, 1024px\" \/><\/figure>\n\n\n\n<div class=\"wp-block-cover alignfull\" style=\"min-height:64px;aspect-ratio:unset;\"><span aria-hidden=\"true\" class=\"wp-block-cover__background has-background-dim-100 has-background-dim\" style=\"background-color:#c42525\"><\/span><div class=\"wp-block-cover__inner-container has-global-padding is-layout-constrained wp-container-core-cover-is-layout-4383d167 wp-block-cover-is-layout-constrained\">\n<p class=\"has-text-align-center has-large-font-size\"><\/p>\n<\/div><\/div>\n\n\n\n<div class=\"wp-block-group alignwide has-global-padding is-layout-constrained wp-container-core-group-is-layout-4383d167 wp-block-group-is-layout-constrained\">\n<h2 class=\"wp-block-heading has-custom-couleur-1-background-color has-text-color has-background has-link-color has-x-large-font-size wp-elements-db90e24f7353eeda8fe5f8b16bb8574e\" style=\"color:#000000;line-height:1\"><strong><strong><strong><strong>lE TH\u00c9\u00c2TRE FORUM OU D&rsquo;INTERVENTION<\/strong><\/strong><\/strong><\/strong><\/h2>\n\n\n\n<p class=\"has-text-color has-link-color has-medium-font-size wp-elements-4dbff1d9e7f2e71589606e4c538b44b9\" style=\"color:#060606;line-height:1.4;text-transform:none\">Je propose des <strong>interventions en th\u00e9\u00e2tre forum<\/strong>, une forme de th\u00e9\u00e2tre participatif qui permet de mettre en sc\u00e8ne des probl\u00e9matiques r\u00e9elles\u2026 et d\u2019explorer collectivement des pistes de changement.<\/p>\n\n\n\n<p style=\"text-transform:none\">Comment r\u00e9agir face \u00e0 une situation d\u2019injustice, de malaise ou de conflit ?<br>Comment faire entendre une parole quand on se sent isol\u00e9\u00b7e, impuissant\u00b7e ou qu\u2019on n\u2019a pas les mots ?<br>Comment mobiliser un groupe, une classe, une \u00e9quipe autour d\u2019un enjeu commun ?<\/p>\n\n\n\n<p style=\"text-transform:none\">Le th\u00e9\u00e2tre forum propose <strong>une r\u00e9ponse cr\u00e9ative, collective et profond\u00e9ment humaine<\/strong> \u00e0 ces questions.<\/p>\n\n\n\n<p style=\"text-transform:none\">Issu du th\u00e9\u00e2tre de l\u2019opprim\u00e9, il s\u2019appuie sur des sc\u00e8nes inspir\u00e9es de situations r\u00e9elles \u2013 v\u00e9cues ou observ\u00e9es \u2013 pour ouvrir un espace de d\u00e9bat et d\u2019exp\u00e9rimentation.<br>Le public n\u2019est plus spectateur, mais devient <strong>\u00ab\u00a0spect-acteur\u00a0\u00bb<\/strong> : il est invit\u00e9 \u00e0 intervenir, \u00e0 monter sur sc\u00e8ne pour proposer des alternatives, tester d\u2019autres attitudes, et imaginer des chemins de transformation.<\/p>\n\n\n\n<p style=\"text-transform:none\">Cette d\u00e9marche invite \u00e0 <strong>ressentir, r\u00e9fl\u00e9chir et agir<\/strong>. Elle permet de sortir du simple \u00e9change d\u2019opinions pour passer par le corps, le jeu, l\u2019\u00e9motion, et faire \u00e9merger <strong>des prises de conscience et des pistes d\u2019action concr\u00e8tes<\/strong>.<\/p>\n\n\n\n<p class=\"has-text-color has-link-color has-medium-font-size wp-elements-2527340ad9edc53bc018b4db77613bb3\" style=\"color:#060606;line-height:1.4;text-transform:none\">Le th\u00e9\u00e2tre forum permet de <strong>mettre en sc\u00e8ne des situations r\u00e9elles v\u00e9cues<\/strong> (conflits, discriminations, mal-\u00eatre, rapports de pouvoir&#8230;) et d\u2019<strong>impliquer le public<\/strong> dans une recherche collective de solutions.<\/p>\n<\/div>\n\n\n\n<div class=\"wp-block-buttons is-content-justification-center is-layout-flex wp-container-core-buttons-is-layout-a89b3969 wp-block-buttons-is-layout-flex\">\n<div class=\"wp-block-button has-custom-width wp-block-button__width-100\"><a class=\"wp-block-button__link has-text-color has-background has-link-color wp-element-button\" href=\"http:\/\/christophepruvot.org\/wp-content\/uploads\/2025\/04\/intervention-theatre-forum.pdf\" style=\"color:#fefefe;background-color:#040404\" target=\"_blank\" rel=\"noreferrer noopener\">PR\u00c9SENTATION DE L&rsquo;INTERVENTION TH\u00c9\u00c2TRE FORUM<\/a><\/div>\n<\/div>\n\n\n\n<figure class=\"wp-block-image aligncenter size-large is-resized has-custom-border wp-duotone-grayscale\" style=\"margin-top:var(--wp--preset--spacing--30);margin-bottom:var(--wp--preset--spacing--70)\"><img loading=\"lazy\" decoding=\"async\" width=\"1024\" height=\"683\" src=\"https:\/\/christophepruvot.org\/wp-content\/uploads\/2025\/04\/PHOTO-THEATRE-1024x683.png\" alt=\"\" class=\"wp-image-1637\" style=\"border-radius:10px;width:600px\" srcset=\"https:\/\/christophepruvot.org\/wp-content\/uploads\/2025\/04\/PHOTO-THEATRE-1024x683.png 1024w, https:\/\/christophepruvot.org\/wp-content\/uploads\/2025\/04\/PHOTO-THEATRE-300x200.png 300w, https:\/\/christophepruvot.org\/wp-content\/uploads\/2025\/04\/PHOTO-THEATRE-768x512.png 768w, https:\/\/christophepruvot.org\/wp-content\/uploads\/2025\/04\/PHOTO-THEATRE.png 1329w\" sizes=\"auto, (max-width: 1024px) 100vw, 1024px\" \/><\/figure>\n\n\n\n<div class=\"wp-block-cover alignfull\" style=\"min-height:64px;aspect-ratio:unset;\"><span aria-hidden=\"true\" class=\"wp-block-cover__background has-background-dim-100 has-background-dim\" style=\"background-color:#c42525\"><\/span><div class=\"wp-block-cover__inner-container has-global-padding is-layout-constrained wp-container-core-cover-is-layout-4383d167 wp-block-cover-is-layout-constrained\">\n<p class=\"has-text-align-center has-large-font-size\"><\/p>\n<\/div><\/div>\n\n\n\n<div class=\"wp-block-group alignwide has-global-padding is-layout-constrained wp-container-core-group-is-layout-4383d167 wp-block-group-is-layout-constrained\">\n<h2 class=\"wp-block-heading has-custom-couleur-1-background-color has-text-color has-background has-link-color has-x-large-font-size wp-elements-ca859815ddc902083798e9e3151ad8aa\" style=\"color:#000000;line-height:1\"><strong><strong><strong><strong>LES ATELIERS<\/strong><\/strong><\/strong><\/strong><\/h2>\n\n\n\n<p class=\"has-text-color has-link-color has-medium-font-size wp-elements-c8777fde7b5fc599f3ebb9b47df13aca\" style=\"color:#060606;line-height:1.4;text-transform:none\"><strong>D\u00e9bats, caf\u00e9s philo, gouters philos, cin\u00e9 d\u00e9bats, philo rando, etc.<\/strong> Travailler et d\u00e9velopper la coop\u00e9ration, la r\u00e9flexion, l\u2019\u00e9coute de l\u2019autre, d\u00e9passer les opinions \u00e0 partir de temps et d\u2019espaces diff\u00e9rents. Le caf\u00e9 philo en soir\u00e9e avec un temps convivial, le gouter philo plut\u00f4t en apr\u00e8s-midi, une marche ponctu\u00e9e de questions, de prises de parole de r\u00e9flexion, etc<\/p>\n\n\n\n<p class=\"has-text-color has-link-color has-medium-font-size wp-elements-fb30c310ba9e119af533d92d06174985\" style=\"color:#080808;line-height:1.4;text-transform:none\"><strong>Ateliers Discussion \u00e0 Vis\u00e9e Philosophique \u00e0 l\u2018\u00e9cole, en centres de loisirs, en accompagnement \u00e0 la scolarit\u00e9. <\/strong>Temps de discussions pour favoriser la r\u00e9flexion sur le sens des choses sans pour autant viser l\u2019action. Ce sont des temps pour les enfants de 5 \u00e0 15 ans (groupes par \u00e2ges) de 30 minute \u00e0 1 heure.<\/p>\n\n\n\n<p class=\"has-text-color has-link-color has-medium-font-size wp-elements-caf7f05a2e4f7cb4843cc92acb32d981\" style=\"color:#080808;line-height:1.4;text-transform:none\"><strong>Ateliers journal. <\/strong>Cr\u00e9er un journal \u00e0 la suite d\u2019un temps d\u2019\u00e9change sur un sujet, une question, une th\u00e9matique. Cr\u00e9er des connaissances et les mettre \u00e0 l\u2019\u00e9crit. Cet atelier se d\u00e9roule en deux temps : le temps de discussion avec prises de notes (2 heures) et le temps de r\u00e9alisation du journal (une journ\u00e9e).<\/p>\n\n\n\n<p class=\"has-text-color has-link-color has-medium-font-size wp-elements-ed960099abb05598b0982b3494cb6c7c\" style=\"color:#080808;line-height:1.4;text-transform:none\"><strong>Ateliers philos (cours &#8211; enseignements &#8211; bases) pour les professionnels et animateurs d\u2019ateliers.<\/strong> A partir de questions, de th\u00e8mes, de concepts l\u2019id\u00e9e est de permettre la d\u00e9couverte de pens\u00e9es philosophiques et d\u2019avoir des rep\u00e8res pour aborder les enjeux sociaux, politiques, relationnels, etc. Des temps de 2 heures pour aborder une question avec un programme \u00e9tal\u00e9 sur plusieurs mois ou sur l\u2019ann\u00e9e.<\/p>\n\n\n\n<p class=\"has-text-color has-link-color has-medium-font-size wp-elements-dfe5df1fd97b4211df7302b4786c389a\" style=\"color:#070707;line-height:1.4;text-transform:none\"><strong>Ateliers expression et cr\u00e9ation : ateliers d\u2019\u00e9criture, ateliers chanson et musique. <\/strong>C\u2019est un espace coop\u00e9ratif pour s\u2019immerger dans un processus cr\u00e9atif de l\u2019\u00e9criture. Nous utiliserons des techniques et moyens pour permettre la cr\u00e9ation \u00e0 partir du v\u00e9cu, des exp\u00e9riences, des d\u00e9sirs, des col\u00e8res. Ces travaux pourront avoir diff\u00e9rentes formes : r\u00e9cits, po\u00e8mes, nouvelles, chansons. Ces ateliers peuvent \u00eatre libres et sans conditions d\u2019\u00e2ges. Il doivent s\u2019inscrire en r\u00e9gularit\u00e9.<\/p>\n<\/div>\n\n\n\n<figure class=\"wp-block-image size-full is-resized has-custom-border\" style=\"margin-bottom:var(--wp--preset--spacing--60)\"><img loading=\"lazy\" decoding=\"async\" width=\"1000\" height=\"800\" src=\"http:\/\/christophepruvot.org\/wp-content\/uploads\/2024\/07\/14-1.png\" alt=\"\" class=\"wp-image-1325\" style=\"border-radius:10px;width:600px\" srcset=\"https:\/\/christophepruvot.org\/wp-content\/uploads\/2024\/07\/14-1.png 1000w, https:\/\/christophepruvot.org\/wp-content\/uploads\/2024\/07\/14-1-300x240.png 300w, https:\/\/christophepruvot.org\/wp-content\/uploads\/2024\/07\/14-1-768x614.png 768w\" sizes=\"auto, (max-width: 1000px) 100vw, 1000px\" \/><\/figure>\n","protected":false},"excerpt":{"rendered":"<p>Des conf\u00e9rences \u00ab\u00a0PAS CLASSIQUES\u00a0\u00bb : LES CONF\u00c9RENCES INTERROMPUES A partir de la philo ou de la socio, avec des apports historiques et contextuels. Voici quelques th\u00e8mes propos\u00e9s : Les rapports sociaux \/ La pauvret\u00e9 et la pr\u00e9carit\u00e9 \/ Les politiques publiques et l\u2019\u00e9valuation \/ L\u2019accompagnement social \/ Soin, attachement et reconnaissance \/ D\u00e9mocratie, participation, appropriation, [&hellip;]<\/p>\n","protected":false},"author":1,"featured_media":0,"parent":0,"menu_order":0,"comment_status":"closed","ping_status":"closed","template":"","meta":{"footnotes":""},"class_list":["post-611","page","type-page","status-publish","hentry"],"_links":{"self":[{"href":"https:\/\/christophepruvot.org\/index.php\/wp-json\/wp\/v2\/pages\/611","targetHints":{"allow":["GET"]}}],"collection":[{"href":"https:\/\/christophepruvot.org\/index.php\/wp-json\/wp\/v2\/pages"}],"about":[{"href":"https:\/\/christophepruvot.org\/index.php\/wp-json\/wp\/v2\/types\/page"}],"author":[{"embeddable":true,"href":"https:\/\/christophepruvot.org\/index.php\/wp-json\/wp\/v2\/users\/1"}],"replies":[{"embeddable":true,"href":"https:\/\/christophepruvot.org\/index.php\/wp-json\/wp\/v2\/comments?post=611"}],"version-history":[{"count":73,"href":"https:\/\/christophepruvot.org\/index.php\/wp-json\/wp\/v2\/pages\/611\/revisions"}],"predecessor-version":[{"id":1898,"href":"https:\/\/christophepruvot.org\/index.php\/wp-json\/wp\/v2\/pages\/611\/revisions\/1898"}],"wp:attachment":[{"href":"https:\/\/christophepruvot.org\/index.php\/wp-json\/wp\/v2\/media?parent=611"}],"curies":[{"name":"wp","href":"https:\/\/api.w.org\/{rel}","templated":true}]}}