{"id":12,"date":"2024-06-13T21:08:47","date_gmt":"2024-06-13T19:08:47","guid":{"rendered":"https:\/\/christophepruvot.org\/?page_id=12"},"modified":"2025-04-12T10:15:47","modified_gmt":"2025-04-12T08:15:47","slug":"formations","status":"publish","type":"page","link":"https:\/\/christophepruvot.org\/index.php\/formations\/","title":{"rendered":"Formations"},"content":{"rendered":"\n<div class=\"wp-block-cover alignfull is-light wp-duotone-unset-1\" style=\"margin-top:0;margin-bottom:0;padding-top:2%;padding-bottom:1.9rem;min-height:220px;aspect-ratio:unset;\"><span aria-hidden=\"true\" class=\"wp-block-cover__background has-background-dim-60 has-background-dim\" style=\"background-color:#c42525\"><\/span><img loading=\"lazy\" decoding=\"async\" width=\"2000\" height=\"1600\" class=\"wp-block-cover__image-background wp-image-1332\" alt=\"\" src=\"http:\/\/christophepruvot.org\/wp-content\/uploads\/2024\/07\/PHOT-POUR-BANDEAU.png\" data-object-fit=\"cover\" srcset=\"https:\/\/christophepruvot.org\/wp-content\/uploads\/2024\/07\/PHOT-POUR-BANDEAU.png 2000w, https:\/\/christophepruvot.org\/wp-content\/uploads\/2024\/07\/PHOT-POUR-BANDEAU-300x240.png 300w, https:\/\/christophepruvot.org\/wp-content\/uploads\/2024\/07\/PHOT-POUR-BANDEAU-1024x819.png 1024w, https:\/\/christophepruvot.org\/wp-content\/uploads\/2024\/07\/PHOT-POUR-BANDEAU-768x614.png 768w, https:\/\/christophepruvot.org\/wp-content\/uploads\/2024\/07\/PHOT-POUR-BANDEAU-1536x1229.png 1536w\" sizes=\"auto, (max-width: 2000px) 100vw, 2000px\" \/><div class=\"wp-block-cover__inner-container has-global-padding is-layout-constrained wp-block-cover-is-layout-constrained\">\n<h2 class=\"wp-block-heading has-custom-couleur-1-background-color has-text-color has-background has-link-color has-x-large-font-size wp-elements-4bcb45a758145db0bfd4d2d69be8e73d\" style=\"color:#ffffff\"><strong><strong>Les formations<\/strong><\/strong><\/h2>\n\n\n\n<p class=\"has-text-color has-link-color wp-elements-c89bc6846f76835e33360df3ffde57bf\" style=\"color:#fefefe;font-size:clamp(14px, 0.875rem + ((1vw - 3.2px) * 0.114), 15px);\">Toutes ces interventions peuvent se construire sur mesure et sont adaptables en fonction des contextes, des acteurs, des territoires, des milieux, des structures<\/p>\n<\/div><\/div>\n\n\n\n<div class=\"wp-block-group alignfull has-global-padding is-layout-constrained wp-container-core-group-is-layout-4383d167 wp-block-group-is-layout-constrained\">\n<div class=\"wp-block-group alignwide has-global-padding is-layout-constrained wp-container-core-group-is-layout-7cc4fc67 wp-block-group-is-layout-constrained\" style=\"margin-top:0;margin-bottom:0;padding-top:32px;padding-bottom:100px\">\n<div class=\"wp-block-columns is-layout-flex wp-container-core-columns-is-layout-92515837 wp-block-columns-is-layout-flex\">\n<div class=\"wp-block-column is-layout-flow wp-block-column-is-layout-flow\">\n<figure class=\"wp-block-image alignleft size-full is-resized has-custom-border\"><img loading=\"lazy\" decoding=\"async\" width=\"1000\" height=\"800\" src=\"https:\/\/christophepruvot.org\/wp-content\/uploads\/2024\/07\/2-3.png\" alt=\"\" class=\"wp-image-1369\" style=\"border-radius:10px;width:589px;height:auto\" srcset=\"https:\/\/christophepruvot.org\/wp-content\/uploads\/2024\/07\/2-3.png 1000w, https:\/\/christophepruvot.org\/wp-content\/uploads\/2024\/07\/2-3-300x240.png 300w, https:\/\/christophepruvot.org\/wp-content\/uploads\/2024\/07\/2-3-768x614.png 768w\" sizes=\"auto, (max-width: 1000px) 100vw, 1000px\" \/><\/figure>\n<\/div>\n\n\n\n<div class=\"wp-block-column is-vertically-aligned-center has-global-padding is-content-justification-left is-layout-constrained wp-container-core-column-is-layout-12dd3699 wp-block-column-is-layout-constrained\">\n<h3 class=\"wp-block-heading has-text-align-left has-text-color has-suranna-font-family has-large-font-size\" style=\"color:#000000;margin-top:0.5rem;margin-bottom:0rem;font-style:normal;font-weight:500;letter-spacing:0px;line-height:1.3;text-transform:none\">Parcours de formation en <strong><em>p\u00e9dagogie sociale<\/em><\/strong><\/h3>\n\n\n\n<hr class=\"wp-block-separator has-alpha-channel-opacity\"\/>\n\n\n\n<div class=\"wp-block-group has-global-padding is-layout-constrained wp-block-group-is-layout-constrained\">\n<p class=\"has-text-color has-link-color has-medium-font-size wp-elements-5e94f4f6a0791c156a3b5366455d8e0c\" style=\"color:#060606;text-transform:none\">Les <strong><em>bases<\/em><\/strong> de la p\u00e9dagogie sociale&nbsp;&#8211; Pour entrer en p\u00e9dagogie sociale<\/p>\n\n\n\n<p class=\"has-text-color has-link-color has-medium-font-size wp-elements-298541b1e4b67ba5bb3dd30959b1b190\" style=\"color:#070707;margin-top:0;margin-right:0;margin-bottom:0;margin-left:0;text-transform:none\">Concepts et projet en p\u00e9dagogie sociale &#8211; <strong><em>Intervention globale<\/em><\/strong> en p\u00e9dagogie sociale<\/p>\n\n\n\n<p class=\"has-text-color has-link-color has-medium-font-size wp-elements-54fa8e4568f307e7a2bd860a8ae8323e\" style=\"color:#070707;margin-top:0;margin-right:0;margin-bottom:0;margin-left:0;text-transform:none\"><strong><em>Pratiquer<\/em><\/strong> et exp\u00e9rimenter la p\u00e9dagogie sociale<\/p>\n\n\n\n<p class=\"has-text-color has-link-color has-medium-font-size wp-elements-9cece7847d8b9a34e3177625c5ace0b7\" style=\"color:#060606;margin-top:0;margin-right:0;margin-bottom:0;margin-left:0;padding-top:0;padding-right:0;padding-bottom:0;padding-left:0;text-transform:none\"><strong><em>Gestion<\/em><\/strong> en p\u00e9dagogie sociale pour les dirigeants et responsables de projets et\/ou de structures<\/p>\n<\/div>\n<\/div>\n<\/div>\n\n\n\n<div class=\"wp-block-buttons has-custom-font-size has-medium-font-size is-vertical is-content-justification-center is-layout-flex wp-container-core-buttons-is-layout-67ba9971 wp-block-buttons-is-layout-flex\" style=\"margin-top:var(--wp--preset--spacing--50);margin-bottom:0;padding-top:var(--wp--preset--spacing--20);padding-bottom:var(--wp--preset--spacing--20)\">\n<div class=\"wp-block-button has-custom-width wp-block-button__width-25 has-custom-font-size is-style-fill has-pontano-sans-font-family\" style=\"font-size:14px;font-style:normal;font-weight:600;letter-spacing:1px;line-height:1.5;text-transform:uppercase\"><a class=\"wp-block-button__link has-background wp-element-button\" href=\"http:\/\/christophepruvot.org\/wp-content\/uploads\/2025\/04\/Presentation-du-parcours-de-formation-en-PS-copie.pdf\" style=\"border-style:none;border-width:0px;border-radius:10px;background-color:#c42525;padding-top:0.71rem;padding-right:0.31rem;padding-bottom:0.71rem;padding-left:0.31rem\" target=\"_blank\" rel=\"noreferrer noopener\">parcours en pedagogie sociale<\/a><\/div>\n<\/div>\n<\/div>\n<\/div>\n\n\n\n<div class=\"wp-block-group alignwide has-global-padding is-layout-constrained wp-container-core-group-is-layout-1be1424c wp-block-group-is-layout-constrained\" style=\"margin-top:0;margin-bottom:0;padding-bottom:100px\">\n<div class=\"wp-block-columns is-layout-flex wp-container-core-columns-is-layout-92515837 wp-block-columns-is-layout-flex\">\n<div class=\"wp-block-column is-vertically-aligned-center has-global-padding is-content-justification-left is-layout-constrained wp-container-core-column-is-layout-12dd3699 wp-block-column-is-layout-constrained\">\n<h2 class=\"wp-block-heading has-text-color has-link-color has-large-font-size wp-elements-7fa4455b965d15a3d3786fc080741b9b\" style=\"color:#040303;text-transform:none\">Module de formation en <strong>\u00e9ducation populaire<\/strong> : Histoire, enjeux, analyse, pratiques, actions, outils.<\/h2>\n\n\n\n<hr class=\"wp-block-separator has-alpha-channel-opacity\"\/>\n\n\n\n<p class=\"has-text-color has-link-color has-medium-font-size wp-elements-661ad27f531b7c4338131cec45741c4d\" style=\"color:#050505;text-transform:none\"><strong>Une formation pour apprendre \u00e0 faire ensemble, penser l\u2019\u00e9mancipation et agir pour la transformation sociale.<\/strong><\/p>\n\n\n\n<p style=\"text-transform:none\">Dans un monde en perp\u00e9tuelle mutation, travers\u00e9 par des crises sociales, politiques et \u00e9cologiques, il devient plus que jamais n\u00e9cessaire de repenser nos mani\u00e8res de faire collectif, de transmettre, de r\u00e9sister et d\u2019agir. L\u2019\u00e9ducation populaire, loin d\u2019\u00eatre une simple m\u00e9thode d\u2019animation, est une <strong>pratique politique<\/strong> et <strong>\u00e9mancipatrice<\/strong>. Elle vise \u00e0 donner \u00e0 chacun\u00b7e les moyens de comprendre le monde pour mieux le transformer, en s\u2019appuyant sur les savoirs de toutes et tous, sur l\u2019exp\u00e9rience v\u00e9cue, la coop\u00e9ration et la mise en action.<\/p>\n\n\n\n<p style=\"text-transform:none\">Cette formation propose un temps de <strong>ressourcement<\/strong>, de <strong>prise de recul<\/strong> et d\u2019<strong>exp\u00e9rimentation<\/strong>. Elle invite \u00e0 interroger nos postures, nos outils, nos r\u00e9f\u00e9rences\u2026 pour redonner du sens \u00e0 nos engagements. Cette formation est un espace ouvert, collectif, critique et joyeux, pour apprendre autrement\u2026 et d\u00e9sapprendre un peu aussi.<\/p>\n<\/div>\n\n\n\n<div class=\"wp-block-column is-layout-flow wp-block-column-is-layout-flow\">\n<figure class=\"wp-block-image alignright size-full has-custom-border wp-duotone-unset-2\"><img loading=\"lazy\" decoding=\"async\" width=\"1000\" height=\"800\" src=\"http:\/\/christophepruvot.org\/wp-content\/uploads\/2024\/07\/12-2.png\" alt=\"\" class=\"wp-image-1388\" style=\"border-style:none;border-width:0px;border-radius:10px;aspect-ratio:0.6666666666666666;object-fit:cover\" srcset=\"https:\/\/christophepruvot.org\/wp-content\/uploads\/2024\/07\/12-2.png 1000w, https:\/\/christophepruvot.org\/wp-content\/uploads\/2024\/07\/12-2-300x240.png 300w, https:\/\/christophepruvot.org\/wp-content\/uploads\/2024\/07\/12-2-768x614.png 768w\" sizes=\"auto, (max-width: 1000px) 100vw, 1000px\" \/><\/figure>\n<\/div>\n<\/div>\n\n\n\n<div class=\"wp-block-buttons has-custom-font-size has-medium-font-size is-vertical is-content-justification-center is-layout-flex wp-container-core-buttons-is-layout-67ba9971 wp-block-buttons-is-layout-flex\" style=\"margin-top:var(--wp--preset--spacing--50);margin-bottom:0;padding-top:var(--wp--preset--spacing--20);padding-bottom:var(--wp--preset--spacing--20)\">\n<div class=\"wp-block-button has-custom-width wp-block-button__width-25 has-custom-font-size is-style-fill has-pontano-sans-font-family\" style=\"font-size:14px;font-style:normal;font-weight:600;letter-spacing:1px;line-height:1.5;text-transform:uppercase\"><a class=\"wp-block-button__link has-background wp-element-button\" href=\"http:\/\/christophepruvot.org\/wp-content\/uploads\/2025\/04\/formation-education-populaire.pdf\" style=\"border-style:none;border-width:0px;border-radius:10px;background-color:#c42525;padding-top:0.71rem;padding-right:0.31rem;padding-bottom:0.71rem;padding-left:0.31rem\" target=\"_blank\" rel=\"noreferrer noopener\">formation \u00e9ducation populaire<\/a><\/div>\n<\/div>\n<\/div>\n\n\n\n<div class=\"wp-block-group alignwide has-global-padding is-layout-constrained wp-container-core-group-is-layout-7cc4fc67 wp-block-group-is-layout-constrained\" style=\"margin-top:0;margin-bottom:0;padding-top:32px;padding-bottom:100px\">\n<div class=\"wp-block-columns is-layout-flex wp-container-core-columns-is-layout-92515837 wp-block-columns-is-layout-flex\">\n<div class=\"wp-block-column is-layout-flow wp-block-column-is-layout-flow\">\n<figure class=\"wp-block-image alignright size-full is-resized has-custom-border wp-duotone-unset-3\"><img loading=\"lazy\" decoding=\"async\" width=\"1000\" height=\"800\" src=\"https:\/\/christophepruvot.org\/wp-content\/uploads\/2024\/07\/42.png\" alt=\"\" class=\"wp-image-1373\" style=\"border-style:none;border-width:0px;border-radius:10px;aspect-ratio:0.6666666666666666;object-fit:cover;width:548px;height:auto\" srcset=\"https:\/\/christophepruvot.org\/wp-content\/uploads\/2024\/07\/42.png 1000w, https:\/\/christophepruvot.org\/wp-content\/uploads\/2024\/07\/42-300x240.png 300w, https:\/\/christophepruvot.org\/wp-content\/uploads\/2024\/07\/42-768x614.png 768w\" sizes=\"auto, (max-width: 1000px) 100vw, 1000px\" \/><\/figure>\n<\/div>\n\n\n\n<div class=\"wp-block-column is-vertically-aligned-center has-global-padding is-content-justification-left is-layout-constrained wp-container-core-column-is-layout-12dd3699 wp-block-column-is-layout-constrained\">\n<h3 class=\"wp-block-heading has-text-align-left has-text-color has-suranna-font-family has-large-font-size\" style=\"color:#000000;margin-top:0.5rem;margin-bottom:0rem;font-style:normal;font-weight:500;letter-spacing:0px;line-height:1.3;text-transform:none\">AUTRES FORMATIONS<\/h3>\n\n\n\n<hr class=\"wp-block-separator has-alpha-channel-opacity\"\/>\n\n\n\n<p class=\"has-text-color has-link-color has-medium-font-size wp-elements-4978ac42ab848639644fae5d8ae7a85a\" style=\"color:#050505;text-transform:none\">La <strong><em>p\u00e9dagogie Freinet<\/em><\/strong> hors les murs : l\u2019\u00e9cole du dehors<\/p>\n\n\n\n<p class=\"has-text-color has-link-color has-medium-font-size wp-elements-a9ac3e282c9a6c92b440fff9485823f7\" style=\"color:#070707;text-transform:none\">La <strong><em>philo pour tous<\/em><\/strong> : organiser des temps philo, mettre en place des discussions et des d\u00e9bats, animer des caf\u00e9s philos<\/p>\n\n\n\n<p class=\"has-text-color has-link-color has-medium-font-size wp-elements-3c3dd5fa17f235a0643ab89dcd3e196e\" style=\"color:#060606;text-transform:none\"><strong><em>Travailler ensemble<\/em><\/strong> entre professionnels et habitants : cr\u00e9er des liens de solidarit\u00e9<\/p>\n\n\n\n<p class=\"has-text-color has-link-color has-medium-font-size wp-elements-9ca26c762639b594e7c1e8014e21dfd6\" style=\"color:#080808;text-transform:none\"><strong><em>Allers vers<\/em><\/strong> et hors les murs, comment on y va et pourquoi<\/p>\n\n\n\n<p class=\"has-text-color has-link-color has-medium-font-size wp-elements-4e04f0e68d63b2ea185035136ce54a31\" style=\"color:#070707;text-transform:none\">Des <strong><em>m\u00e9thodes coop\u00e9ratives<\/em><\/strong>, des temps d\u00e9mocratiques et des <strong><em>outils participatifs<\/em><\/strong><\/p>\n\n\n\n<p class=\"has-text-color has-link-color has-medium-font-size wp-elements-d4e5a83c6037670c9f0bf7ccaf786b43\" style=\"color:#060606;text-transform:none\">Le <strong><em>pouvoir d\u2019agir<\/em><\/strong> des habitants : interventions innovantes et p\u00e9dagogies \u00e9mancipatrices<\/p>\n\n\n\n<p class=\"has-text-color has-link-color has-medium-font-size wp-elements-af60bf8ec57492dad22dc28ea3f65c1c\" style=\"color:#070707;text-transform:none\">Le <strong><em>porte-\u00e0-porte<\/em><\/strong> pour aller \u00e0 la rencontre du quartier<\/p>\n\n\n\n<p class=\"has-text-color has-link-color has-medium-font-size wp-elements-9bf822431a3c71b7ec8fc762ad79feac\" style=\"color:#070707;text-transform:none\">Construire un <strong><em>diagnostic de territoire innovant <\/em><\/strong>: m\u00e9thodes et outils comme le porte \u00e0 porte, le journal de terrain, le world caf\u00e9, le forum ouvert, les d\u00e9bats philo, etc<\/p>\n<\/div>\n<\/div>\n\n\n\n<div class=\"wp-block-buttons is-vertical is-content-justification-center is-layout-flex wp-container-core-buttons-is-layout-67ba9971 wp-block-buttons-is-layout-flex\" style=\"margin-top:var(--wp--preset--spacing--50);margin-bottom:0;padding-top:var(--wp--preset--spacing--20);padding-bottom:var(--wp--preset--spacing--20)\">\n<div class=\"wp-block-button has-custom-width wp-block-button__width-25 has-custom-font-size is-style-fill has-pontano-sans-font-family\" style=\"font-size:14px;font-style:normal;font-weight:600;letter-spacing:1px;line-height:1.5;text-transform:uppercase\"><a class=\"wp-block-button__link has-background wp-element-button\" href=\"http:\/\/christophepruvot.org\/wp-content\/uploads\/2025\/04\/autres-formations.pdf\" style=\"border-style:none;border-width:0px;border-radius:10px;background-color:#c42525;padding-top:0.71rem;padding-right:0.31rem;padding-bottom:0.71rem;padding-left:0.31rem\" target=\"_blank\" rel=\"noreferrer noopener\">Catalogue et pr\u00c9sentations des formations \u00e0 t\u00e9l\u00e9charger<\/a><\/div>\n<\/div>\n<\/div>\n","protected":false},"excerpt":{"rendered":"<p>Parcours de formation en p\u00e9dagogie sociale Les bases de la p\u00e9dagogie sociale&nbsp;&#8211; Pour entrer en p\u00e9dagogie sociale Concepts et projet en p\u00e9dagogie sociale &#8211; Intervention globale en p\u00e9dagogie sociale Pratiquer et exp\u00e9rimenter la p\u00e9dagogie sociale Gestion en p\u00e9dagogie sociale pour les dirigeants et responsables de projets et\/ou de structures Module de formation en \u00e9ducation populaire [&hellip;]<\/p>\n","protected":false},"author":1,"featured_media":0,"parent":0,"menu_order":0,"comment_status":"closed","ping_status":"closed","template":"","meta":{"footnotes":""},"class_list":["post-12","page","type-page","status-publish","hentry"],"_links":{"self":[{"href":"https:\/\/christophepruvot.org\/index.php\/wp-json\/wp\/v2\/pages\/12","targetHints":{"allow":["GET"]}}],"collection":[{"href":"https:\/\/christophepruvot.org\/index.php\/wp-json\/wp\/v2\/pages"}],"about":[{"href":"https:\/\/christophepruvot.org\/index.php\/wp-json\/wp\/v2\/types\/page"}],"author":[{"embeddable":true,"href":"https:\/\/christophepruvot.org\/index.php\/wp-json\/wp\/v2\/users\/1"}],"replies":[{"embeddable":true,"href":"https:\/\/christophepruvot.org\/index.php\/wp-json\/wp\/v2\/comments?post=12"}],"version-history":[{"count":155,"href":"https:\/\/christophepruvot.org\/index.php\/wp-json\/wp\/v2\/pages\/12\/revisions"}],"predecessor-version":[{"id":1757,"href":"https:\/\/christophepruvot.org\/index.php\/wp-json\/wp\/v2\/pages\/12\/revisions\/1757"}],"wp:attachment":[{"href":"https:\/\/christophepruvot.org\/index.php\/wp-json\/wp\/v2\/media?parent=12"}],"curies":[{"name":"wp","href":"https:\/\/api.w.org\/{rel}","templated":true}]}}